{"id":17,"date":"2025-07-24T15:16:09","date_gmt":"2025-07-24T13:16:09","guid":{"rendered":"https:\/\/www.resimed.at\/schuhfried-medizintechnik-sicheres-formular\/?page_id=17"},"modified":"2025-08-28T09:47:28","modified_gmt":"2025-08-28T07:47:28","slug":"sicheres-formular","status":"publish","type":"page","link":"https:\/\/www.resimed.at\/schuhfried-medizintechnik-sicheres-formular\/","title":{"rendered":"Sicheres Formular"},"content":{"rendered":"<p><div class=\"fusion-fullwidth fullwidth-box fusion-builder-row-1 fusion-flex-container has-pattern-background has-mask-background nonhundred-percent-fullwidth non-hundred-percent-height-scrolling\" style=\"--awb-border-radius-top-left:0px;--awb-border-radius-top-right:0px;--awb-border-radius-bottom-right:0px;--awb-border-radius-bottom-left:0px;--awb-padding-top:21px;--awb-padding-right:0px;--awb-padding-bottom:0px;--awb-padding-left:0px;--awb-padding-right-medium:0px;--awb-padding-left-medium:0px;--awb-padding-top-small:0px;--awb-padding-right-small:0px;--awb-padding-bottom-small:0px;--awb-padding-left-small:0px;--awb-margin-top:0px;--awb-margin-bottom:0px;--awb-margin-bottom-small:0px;--awb-background-color:var(--awb-color4);--awb-flex-wrap:wrap;\" ><div class=\"fusion-builder-row fusion-row fusion-flex-align-items-center fusion-flex-align-content-center fusion-flex-content-wrap\" style=\"max-width:1040px;margin-left: calc(-4% \/ 2 );margin-right: calc(-4% \/ 2 );\"><div class=\"fusion-layout-column fusion_builder_column fusion-builder-column-0 fusion_builder_column_3_4 3_4 fusion-flex-column\" style=\"--awb-bg-size:cover;--awb-width-large:75%;--awb-margin-top-large:0px;--awb-spacing-right-large:2.56%;--awb-margin-bottom-large:0px;--awb-spacing-left-large:3.712%;--awb-width-medium:75%;--awb-order-medium:0;--awb-spacing-right-medium:2.56%;--awb-spacing-left-medium:3.712%;--awb-width-small:75%;--awb-order-small:0;--awb-spacing-right-small:2.56%;--awb-spacing-left-small:3.712%;\"><div class=\"fusion-column-wrapper fusion-column-has-shadow fusion-flex-justify-content-flex-start fusion-content-layout-column\"><div class=\"fusion-image-element \" style=\"text-align:left;--awb-caption-title-font-family:var(--h2_typography-font-family);--awb-caption-title-font-weight:var(--h2_typography-font-weight);--awb-caption-title-font-style:var(--h2_typography-font-style);--awb-caption-title-size:var(--h2_typography-font-size);--awb-caption-title-transform:var(--h2_typography-text-transform);--awb-caption-title-line-height:var(--h2_typography-line-height);--awb-caption-title-letter-spacing:var(--h2_typography-letter-spacing);\"><span class=\" fusion-imageframe imageframe-none imageframe-1 hover-type-none\"><a class=\"fusion-no-lightbox\" href=\"https:\/\/www.schuhfriedmed.at\" target=\"_self\" aria-label=\"Schuhfried Medizintechnik\"><img decoding=\"async\" width=\"800\" height=\"181\" alt=\"Schuhfried Medizintechnik\" src=\"https:\/\/www.resimed.at\/schuhfried-medizintechnik-sicheres-formular\/wp-content\/uploads\/2025\/07\/Logo-2025-Medizintechnik.png\" class=\"img-responsive wp-image-26\" srcset=\"https:\/\/www.resimed.at\/schuhfried-medizintechnik-sicheres-formular\/wp-content\/uploads\/2025\/07\/Logo-2025-Medizintechnik-200x45.png 200w, https:\/\/www.resimed.at\/schuhfried-medizintechnik-sicheres-formular\/wp-content\/uploads\/2025\/07\/Logo-2025-Medizintechnik-400x91.png 400w, https:\/\/www.resimed.at\/schuhfried-medizintechnik-sicheres-formular\/wp-content\/uploads\/2025\/07\/Logo-2025-Medizintechnik-600x136.png 600w, https:\/\/www.resimed.at\/schuhfried-medizintechnik-sicheres-formular\/wp-content\/uploads\/2025\/07\/Logo-2025-Medizintechnik.png 800w\" sizes=\"(max-width: 640px) 100vw, 800px\" \/><\/a><\/span><\/div><\/div><\/div><div class=\"fusion-layout-column fusion_builder_column fusion-builder-column-1 fusion_builder_column_1_4 1_4 fusion-flex-column\" style=\"--awb-bg-size:cover;--awb-width-large:25%;--awb-margin-top-large:0px;--awb-spacing-right-large:7.68%;--awb-margin-bottom-large:20px;--awb-spacing-left-large:7.68%;--awb-width-medium:25%;--awb-order-medium:0;--awb-spacing-right-medium:7.68%;--awb-spacing-left-medium:7.68%;--awb-width-small:25%;--awb-order-small:0;--awb-spacing-right-small:7.68%;--awb-spacing-left-small:7.68%;\"><div class=\"fusion-column-wrapper fusion-column-has-shadow fusion-flex-justify-content-flex-start fusion-content-layout-column\"><div class=\"fusion-image-element \" style=\"--awb-max-width:200px;--awb-caption-title-font-family:var(--h2_typography-font-family);--awb-caption-title-font-weight:var(--h2_typography-font-weight);--awb-caption-title-font-style:var(--h2_typography-font-style);--awb-caption-title-size:var(--h2_typography-font-size);--awb-caption-title-transform:var(--h2_typography-text-transform);--awb-caption-title-line-height:var(--h2_typography-line-height);--awb-caption-title-letter-spacing:var(--h2_typography-letter-spacing);\"><span class=\" fusion-imageframe imageframe-none imageframe-2 hover-type-none\"><a class=\"fusion-no-lightbox\" href=\"https:\/\/www.resimed.at\/schuhfried-medizintechnik-sicheres-formular\/\" target=\"_self\" aria-label=\"Verordnungsschein sicher hochladen\"><img decoding=\"async\" width=\"500\" height=\"499\" alt=\"Verordnungsschein sicher hochladen\" src=\"https:\/\/www.resimed.at\/schuhfried-medizintechnik-sicheres-formular\/wp-content\/uploads\/2025\/07\/Verordnungsschein-sicher-hochladen.png\" class=\"img-responsive wp-image-23\" srcset=\"https:\/\/www.resimed.at\/schuhfried-medizintechnik-sicheres-formular\/wp-content\/uploads\/2025\/07\/Verordnungsschein-sicher-hochladen-200x200.png 200w, https:\/\/www.resimed.at\/schuhfried-medizintechnik-sicheres-formular\/wp-content\/uploads\/2025\/07\/Verordnungsschein-sicher-hochladen-400x399.png 400w, https:\/\/www.resimed.at\/schuhfried-medizintechnik-sicheres-formular\/wp-content\/uploads\/2025\/07\/Verordnungsschein-sicher-hochladen.png 500w\" sizes=\"(max-width: 640px) 100vw, 400px\" \/><\/a><\/span><\/div><\/div><\/div><\/div><\/div><div class=\"fusion-fullwidth fullwidth-box fusion-builder-row-2 fusion-flex-container has-pattern-background has-mask-background nonhundred-percent-fullwidth non-hundred-percent-height-scrolling\" style=\"--awb-border-radius-top-left:0px;--awb-border-radius-top-right:0px;--awb-border-radius-bottom-right:0px;--awb-border-radius-bottom-left:0px;--awb-padding-right:30px;--awb-padding-left:30px;--awb-padding-right-medium:50px;--awb-padding-left-medium:50px;--awb-padding-right-small:20px;--awb-padding-left-small:20px;--awb-flex-wrap:wrap;\" ><div class=\"fusion-builder-row fusion-row fusion-flex-align-items-flex-start fusion-flex-content-wrap\" style=\"max-width:1040px;margin-left: calc(-4% \/ 2 );margin-right: calc(-4% \/ 2 );\"><div class=\"fusion-layout-column fusion_builder_column fusion-builder-column-2 fusion_builder_column_1_1 1_1 fusion-flex-column\" style=\"--awb-bg-size:cover;--awb-width-large:100%;--awb-margin-top-large:39px;--awb-spacing-right-large:1.92%;--awb-margin-bottom-large:20px;--awb-spacing-left-large:1.92%;--awb-width-medium:100%;--awb-order-medium:0;--awb-spacing-right-medium:1.92%;--awb-spacing-left-medium:1.92%;--awb-width-small:100%;--awb-order-small:0;--awb-spacing-right-small:1.92%;--awb-spacing-left-small:1.92%;\"><div class=\"fusion-column-wrapper fusion-column-has-shadow fusion-flex-justify-content-flex-start fusion-content-layout-column\">\n<div class=\"wpcf7 no-js\" id=\"wpcf7-f16-o1\" lang=\"de-DE\" dir=\"ltr\" data-wpcf7-id=\"16\">\n<div class=\"screen-reader-response\"><p role=\"status\" aria-live=\"polite\" aria-atomic=\"true\"><\/p> <ul><\/ul><\/div>\n<form action=\"\/schuhfried-medizintechnik-sicheres-formular\/wp-json\/wp\/v2\/pages\/17#wpcf7-f16-o1\" method=\"post\" class=\"wpcf7-form init\" aria-label=\"Kontaktformular\" enctype=\"multipart\/form-data\" novalidate=\"novalidate\" data-status=\"init\">\n<fieldset class=\"hidden-fields-container\"><input type=\"hidden\" name=\"_wpcf7\" value=\"16\" \/><input type=\"hidden\" name=\"_wpcf7_version\" value=\"6.1\" \/><input type=\"hidden\" name=\"_wpcf7_locale\" value=\"de_DE\" \/><input type=\"hidden\" name=\"_wpcf7_unit_tag\" value=\"wpcf7-f16-o1\" \/><input type=\"hidden\" name=\"_wpcf7_container_post\" value=\"0\" \/><input type=\"hidden\" name=\"_wpcf7_posted_data_hash\" value=\"\" \/>\n<\/fieldset>\n<h1>Verordnungsschein sicher hochladen\n<\/h1>\n<p>Hier haben Sie die M\u00f6glichkeit, Ihre Verordnung digital mittels gesicherter Leitung an Schuhfried Medizintechnik zu \u00fcbermitteln. Sie erhalten eine e-mail Best\u00e4tigung.\n<\/p>\n<p><label> Ihr Name (Pflichtfeld)<br \/>\n<span class=\"wpcf7-form-control-wrap\" data-name=\"your-name\"><input size=\"40\" maxlength=\"400\" class=\"wpcf7-form-control wpcf7-text wpcf7-validates-as-required\" aria-required=\"true\" aria-invalid=\"false\" value=\"\" type=\"text\" name=\"your-name\" \/><\/span> <\/label>\n<\/p>\n<p><label> Stra\u00dfe (Pflichtfeld)<br \/>\n<span class=\"wpcf7-form-control-wrap\" data-name=\"text-125\"><input size=\"40\" maxlength=\"400\" class=\"wpcf7-form-control wpcf7-text wpcf7-validates-as-required\" aria-required=\"true\" aria-invalid=\"false\" value=\"\" type=\"text\" name=\"text-125\" \/><\/span> <\/label>\n<\/p>\n<p><label> Postleitzahl (Pflichtfeld)<br \/>\n<span class=\"wpcf7-form-control-wrap\" data-name=\"text-926\"><input size=\"40\" maxlength=\"400\" class=\"wpcf7-form-control wpcf7-text wpcf7-validates-as-required\" aria-required=\"true\" aria-invalid=\"false\" value=\"\" type=\"text\" name=\"text-926\" \/><\/span> <\/label>\n<\/p>\n<p><label> Ort (Pflichtfeld)<br \/>\n<span class=\"wpcf7-form-control-wrap\" data-name=\"text-152\"><input size=\"40\" maxlength=\"400\" class=\"wpcf7-form-control wpcf7-text wpcf7-validates-as-required\" aria-required=\"true\" aria-invalid=\"false\" value=\"\" type=\"text\" name=\"text-152\" \/><\/span> <\/label>\n<\/p>\n<p><label> Telefonnummer (Pflichtfeld)<br \/>\n<span class=\"wpcf7-form-control-wrap\" data-name=\"text-434\"><input size=\"40\" maxlength=\"400\" class=\"wpcf7-form-control wpcf7-text wpcf7-validates-as-required\" aria-required=\"true\" aria-invalid=\"false\" value=\"\" type=\"text\" name=\"text-434\" \/><\/span> <\/label>\n<\/p>\n<p><label> Ihre E-Mail-Adresse (Pflichtfeld)<br \/>\n<span class=\"wpcf7-form-control-wrap\" data-name=\"your-email\"><input size=\"40\" maxlength=\"400\" class=\"wpcf7-form-control wpcf7-email wpcf7-validates-as-required wpcf7-text wpcf7-validates-as-email\" aria-required=\"true\" aria-invalid=\"false\" value=\"\" type=\"email\" name=\"your-email\" \/><\/span> <\/label>\n<\/p>\n<p><label> Krankenkasse ausw\u00e4hlen (Pflichtfeld)<br \/>\n<span class=\"wpcf7-form-control-wrap\" data-name=\"menu-782\"><select class=\"wpcf7-form-control wpcf7-select wpcf7-validates-as-required\" aria-required=\"true\" aria-invalid=\"false\" name=\"menu-782\"><option value=\"\">&#8211; Bitte ausw\u00e4hlen &#8211;<\/option><option value=\"\u00d6GK\">\u00d6GK<\/option><option value=\"SVS-GW\">SVS-GW<\/option><option value=\"SVS-LW\">SVS-LW<\/option><option value=\"BVAEB (Beamte)\">BVAEB (Beamte)<\/option><option value=\"BVAEB (Eisenbahner)\">BVAEB (Eisenbahner)<\/option><option value=\"KFA\">KFA<\/option><option value=\"Sonstige\">Sonstige<\/option><\/select><\/span> <\/label>\n<\/p>\n<p>Verordnungsschein hochladen,<br \/>\nbis zu 3 Dateien m\u00f6glich.\n<\/p>\n<p><span class=\"wpcf7-form-control-wrap\" data-name=\"file-518\"><input size=\"40\" class=\"wpcf7-form-control wpcf7-file wpcf7-validates-as-required\" accept=\".pdf,.jpg,.tif,.png,.jpeg\" aria-required=\"true\" aria-invalid=\"false\" type=\"file\" name=\"file-518\" \/><\/span>\n<\/p>\n<p><span class=\"wpcf7-form-control-wrap\" data-name=\"file-519\"><input size=\"40\" class=\"wpcf7-form-control wpcf7-file\" accept=\".pdf,.jpg,.tif,.png,.jpeg\" aria-invalid=\"false\" type=\"file\" name=\"file-519\" \/><\/span>\n<\/p>\n<p><span class=\"wpcf7-form-control-wrap\" data-name=\"file-520\"><input size=\"40\" class=\"wpcf7-form-control wpcf7-file\" accept=\".pdf,.jpg,.tif,.png,.jpeg\" aria-invalid=\"false\" type=\"file\" name=\"file-520\" \/><\/span>\n<\/p>\n<p><label><\/label>\n<\/p>\n<h2 style=\"padding-top: 5px;\">Bitte ausw\u00e4hlen\n<\/h2>\n<p><span class=\"wpcf7-form-control-wrap\" data-name=\"radio-60\"><span class=\"wpcf7-form-control wpcf7-radio\"><span class=\"wpcf7-list-item first\"><input type=\"radio\" name=\"radio-60\" value=\"Ich bitte um Zusendung eines Heilbehelfs. Bitte kontaktieren Sie mich.\" checked=\"checked\" \/><span class=\"wpcf7-list-item-label\">Ich bitte um Zusendung eines Heilbehelfs. Bitte kontaktieren Sie mich.<\/span><\/span><span class=\"wpcf7-list-item last\"><input type=\"radio\" name=\"radio-60\" value=\"Verl\u00e4ngerung meiner Verordnung\" \/><span class=\"wpcf7-list-item-label\">Verl\u00e4ngerung meiner Verordnung<\/span><\/span><\/span><\/span>\n<\/p>\n<p><label><\/label>\n<\/p>\n<h4 style=\"padding-top: 0px;padding-bottom: 15px;\">Nachricht<span class=\"wpcf7-form-control-wrap\" data-name=\"textarea-625\"><textarea cols=\"40\" rows=\"10\" maxlength=\"2000\" class=\"wpcf7-form-control wpcf7-textarea\" aria-invalid=\"false\" name=\"textarea-625\">Hier eingeben.<\/textarea><\/span>\n<\/h4>\n<p><label>Anti-Spam:<br \/>\n<div class=\"dscf7-captcha-container\"><input name=\"dscf7_hidden_val1-tag-generator-panel-dscf7captcha\" id=\"dscf7_hidden_val1-tag-generator-panel-dscf7captcha\" type=\"hidden\" value=\"8\" \/><input name=\"dscf7_hidden_val2-tag-generator-panel-dscf7captcha\" id=\"dscf7_hidden_val2-tag-generator-panel-dscf7captcha\" type=\"hidden\" value=\"2\" \/><input name=\"dscf7_hidden_action-tag-generator-panel-dscf7captcha\" id=\"dscf7_hidden_action-tag-generator-panel-dscf7captcha\" type=\"hidden\" value=\"+\" \/><div class=\"dscf7-question-container\"><span class=\"dscf7_lt\">Berechnen Sie 2 + 8 ? <a href=\"javascript:void(0)\" id=\"tag-generator-panel-dscf7captcha\" class=\"dscf7_refresh_captcha\" aria-label=\"Refresh captcha\"><img decoding=\"async\" class=\"dscf7_captcha_icon\" src=\"https:\/\/www.resimed.at\/schuhfried-medizintechnik-sicheres-formular\/wp-content\/plugins\/ds-cf7-math-captcha\/assets\/img\/icons8-refresh-30.png\" alt=\"Refresh icon\"\/><img decoding=\"async\" class=\"dscf7_captcha_reload_icon\" src=\"https:\/\/www.resimed.at\/schuhfried-medizintechnik-sicheres-formular\/wp-content\/plugins\/ds-cf7-math-captcha\/assets\/img\/446bcd468478f5bfb7b4e5c804571392_w200.gif\" alt=\"Refreshing captcha\" style=\"display:none; width:30px\" \/><\/a><\/span><\/div><div class=\"dscf7-answer-container\"><label for=\"tag-generator-panel-dscf7captcha-input\" class=\"screen-reader-text\">Answer for 2 + 8<\/label><span class=\"wpcf7-form-control-wrap\" data-name=\"tag-generator-panel-dscf7captcha\"><input type=\"text\" id=\"tag-generator-panel-dscf7captcha-input\" aria-label=\"Answer for 2 + 8\" aria-invalid=\"false\" aria-required=\"true\" class=\"wpcf7-form-control wpcf7-text wpcf7-validates-as-required\" size=\"5\" value=\"\" name=\"tag-generator-panel-dscf7captcha\" placeholder=\"Antwort eingeben\" style=\"\" oninput=\"this.value = this.value.replace(\/[^0-9.]\/g, '').replace(\/(\\..*)\\.\/g, '$1');\"><\/span><input type=\"hidden\" name=\"ds_cf7_nonce\" value=\"3d5d377ba8\"><\/div><\/div> <\/label>\n<\/p>\n<p><input class=\"wpcf7-form-control wpcf7-submit has-spinner button\" type=\"submit\" value=\"Absenden\" \/>\n<\/p>\n<p><strong>Hinweis zur Datenverarbeitung:<\/strong> Bewilligungs\u00adpflichtige Heilbehelfe werden von uns mittels gesicherter Daten\u00ad\u00fcbertragung bei Ihrem Kostentr\u00e4ger zur Bewilligung eingereicht, ebenso Abrechnungs\u00adunterlagen. Eine Weitergabe Ihrer Daten dar\u00fcber hinaus bzw. eine Speicherung zu Marketing-Zwecken erfolgt nicht.\n<\/p><div class=\"fusion-alert alert custom alert-custom fusion-alert-center wpcf7-response-output awb-alert-native-link-color alert-dismissable awb-alert-close-boxed\" style=\"--awb-border-size:1px;--awb-border-top-left-radius:0px;--awb-border-top-right-radius:0px;--awb-border-bottom-left-radius:0px;--awb-border-bottom-right-radius:0px;\" role=\"alert\"><div class=\"fusion-alert-content-wrapper\"><span class=\"fusion-alert-content\"><\/span><\/div><button type=\"button\" class=\"close toggle-alert\" data-dismiss=\"alert\" aria-label=\"Close\">&times;<\/button><\/div>\n<\/form>\n<\/div>\n<\/div><\/div><\/div><\/div><div class=\"fusion-fullwidth fullwidth-box fusion-builder-row-3 fusion-flex-container has-pattern-background has-mask-background nonhundred-percent-fullwidth non-hundred-percent-height-scrolling\" style=\"--link_hover_color: var(--awb-color2);--link_color: var(--awb-color1);--awb-border-radius-top-left:0px;--awb-border-radius-top-right:0px;--awb-border-radius-bottom-right:0px;--awb-border-radius-bottom-left:0px;--awb-padding-top:20px;--awb-padding-right-medium:10px;--awb-padding-left-medium:10px;--awb-background-color:var(--awb-color4);--awb-flex-wrap:wrap;\" ><div class=\"fusion-builder-row fusion-row fusion-flex-align-items-flex-start fusion-flex-content-wrap\" style=\"max-width:1040px;margin-left: calc(-4% \/ 2 );margin-right: calc(-4% \/ 2 );\"><div class=\"fusion-layout-column fusion_builder_column fusion-builder-column-3 fusion_builder_column_1_1 1_1 fusion-flex-column\" style=\"--awb-padding-right-small:10px;--awb-padding-left-small:10px;--awb-bg-size:cover;--awb-width-large:100%;--awb-margin-top-large:0px;--awb-spacing-right-large:1.92%;--awb-margin-bottom-large:20px;--awb-spacing-left-large:1.92%;--awb-width-medium:100%;--awb-order-medium:0;--awb-spacing-right-medium:1.92%;--awb-spacing-left-medium:1.92%;--awb-width-small:100%;--awb-order-small:0;--awb-spacing-right-small:1.92%;--awb-spacing-left-small:1.92%;\"><div class=\"fusion-column-wrapper fusion-column-has-shadow fusion-flex-justify-content-flex-start fusion-content-layout-column\"><div class=\"fusion-text fusion-text-1 sm-text-align-center\" style=\"--awb-text-color:var(--awb-color1);\"><p><strong>Information:<\/strong> Diese Website (https:\/\/www.resimed.at\/schuhfried-medizintechnik-sicheres-formular\/) wird von <a href=\"https:\/\/schuhfriedmed.at\/\" target=\"_blank\" rel=\"noopener\">Schuhfried Medizintechnik, 1090 Wien<\/a>, Van Swieten-Gasse 10, verwaltet. Das Impressum und weitere Informationen zum Datenschutz finden Sie hier: <a href=\"https:\/\/www.resimed.at\/schuhfried-medizintechnik-sicheres-formular\/impressum-und-datenschutz\/\" rel=\"noopener\">Impressum und Datenschutz (Link)<\/a>.<\/p>\n<\/div><\/div><\/div><div class=\"fusion-layout-column fusion_builder_column fusion-builder-column-4 fusion_builder_column_1_3 1_3 fusion-flex-column\" style=\"--awb-bg-size:cover;--awb-width-large:33.333333333333%;--awb-margin-top-large:0px;--awb-spacing-right-large:5.76%;--awb-margin-bottom-large:20px;--awb-spacing-left-large:5.76%;--awb-width-medium:33.333333333333%;--awb-order-medium:0;--awb-spacing-right-medium:5.76%;--awb-spacing-left-medium:5.76%;--awb-width-small:100%;--awb-order-small:0;--awb-spacing-right-small:1.92%;--awb-spacing-left-small:1.92%;\"><div class=\"fusion-column-wrapper fusion-column-has-shadow fusion-flex-justify-content-flex-start fusion-content-layout-column\"><div class=\"fusion-text fusion-text-2 sm-text-align-center\" style=\"--awb-text-color:var(--awb-color1);\"><h5><strong>Dr. Schuhfried<br \/>\nMedizintechnik GmbH<\/strong><\/h5>\n<p>1090 Wien, Van Swieten-Gasse 10<br \/>\n<a href=\"https:\/\/schuhfriedmed.at\/lageplan\/\" target=\"_blank\" rel=\"noopener\">Anfahrt<\/a><br \/>\nTel.: <a href=\"tel:+4314054206\">+43 1 405 42 06<\/a><br \/>\nMail: <a href=\"https:\/\/schuhfriedmed.at\/kontakt\/\" target=\"_blank\" rel=\"noopener\">Kontaktformular<\/a><\/p>\n<\/div><\/div><\/div><div class=\"fusion-layout-column fusion_builder_column fusion-builder-column-5 fusion_builder_column_1_3 1_3 fusion-flex-column\" style=\"--awb-bg-size:cover;--awb-width-large:33.333333333333%;--awb-margin-top-large:0px;--awb-spacing-right-large:5.76%;--awb-margin-bottom-large:20px;--awb-spacing-left-large:5.76%;--awb-width-medium:33.333333333333%;--awb-order-medium:0;--awb-spacing-right-medium:5.76%;--awb-spacing-left-medium:5.76%;--awb-width-small:100%;--awb-order-small:0;--awb-spacing-right-small:1.92%;--awb-spacing-left-small:1.92%;\"><div class=\"fusion-column-wrapper fusion-column-has-shadow fusion-flex-justify-content-flex-start fusion-content-layout-column\"><div class=\"fusion-text fusion-text-3 sm-text-align-center\" style=\"--awb-text-color:var(--awb-color1);\"><h5><strong>Dr. Schuhfried<br \/>\nHeimtherapie<\/strong><\/h5>\n<p>1090 Wien, W\u00e4hringer Stra\u00dfe 23<br \/>\n<a href=\"https:\/\/schuhfriedmed.at\/lageplan\/\" target=\"_blank\" rel=\"noopener\">Anfahrt<\/a><br \/>\nTel.: <a href=\"tel:+4314054206200\">+43 1 405 42 06 200<\/a><br \/>\nMail: <a href=\"https:\/\/schuhfriedmed.at\/kontakt\/\" target=\"_blank\" rel=\"noopener\">Kontaktformular<\/a><\/p>\n<\/div><\/div><\/div><div class=\"fusion-layout-column fusion_builder_column fusion-builder-column-6 fusion_builder_column_1_3 1_3 fusion-flex-column\" style=\"--awb-bg-size:cover;--awb-width-large:33.333333333333%;--awb-margin-top-large:0px;--awb-spacing-right-large:5.76%;--awb-margin-bottom-large:20px;--awb-spacing-left-large:5.76%;--awb-width-medium:33.333333333333%;--awb-order-medium:0;--awb-spacing-right-medium:5.76%;--awb-spacing-left-medium:5.76%;--awb-width-small:100%;--awb-order-small:0;--awb-spacing-right-small:1.92%;--awb-spacing-left-small:1.92%;\"><div class=\"fusion-column-wrapper fusion-column-has-shadow fusion-flex-justify-content-flex-start fusion-content-layout-column\"><div class=\"fusion-text fusion-text-4 sm-text-align-center\" style=\"--awb-text-color:var(--awb-color1);\"><h5><strong>\u00d6ffnungszeiten<br \/>\nHeimtherapie<\/strong><\/h5>\n<p>Montag bis Mittwoch<br \/>\nvon 08:30 \u2013 16:30<br \/>\nDonnerstag von 09:00 \u2013 18:00<br \/>\nFreitag von 08:30 \u2013 12:00<\/p>\n<\/div><\/div><\/div><\/div><\/div>\n<\/p>\n","protected":false},"excerpt":{"rendered":"","protected":false},"author":3,"featured_media":0,"parent":0,"menu_order":0,"comment_status":"closed","ping_status":"closed","template":"blank.php","meta":{"footnotes":""},"class_list":["post-17","page","type-page","status-publish","hentry"],"_links":{"self":[{"href":"https:\/\/www.resimed.at\/schuhfried-medizintechnik-sicheres-formular\/wp-json\/wp\/v2\/pages\/17","targetHints":{"allow":["GET"]}}],"collection":[{"href":"https:\/\/www.resimed.at\/schuhfried-medizintechnik-sicheres-formular\/wp-json\/wp\/v2\/pages"}],"about":[{"href":"https:\/\/www.resimed.at\/schuhfried-medizintechnik-sicheres-formular\/wp-json\/wp\/v2\/types\/page"}],"author":[{"embeddable":true,"href":"https:\/\/www.resimed.at\/schuhfried-medizintechnik-sicheres-formular\/wp-json\/wp\/v2\/users\/3"}],"replies":[{"embeddable":true,"href":"https:\/\/www.resimed.at\/schuhfried-medizintechnik-sicheres-formular\/wp-json\/wp\/v2\/comments?post=17"}],"version-history":[{"count":30,"href":"https:\/\/www.resimed.at\/schuhfried-medizintechnik-sicheres-formular\/wp-json\/wp\/v2\/pages\/17\/revisions"}],"predecessor-version":[{"id":113,"href":"https:\/\/www.resimed.at\/schuhfried-medizintechnik-sicheres-formular\/wp-json\/wp\/v2\/pages\/17\/revisions\/113"}],"wp:attachment":[{"href":"https:\/\/www.resimed.at\/schuhfried-medizintechnik-sicheres-formular\/wp-json\/wp\/v2\/media?parent=17"}],"curies":[{"name":"wp","href":"https:\/\/api.w.org\/{rel}","templated":true}]}}